{"id":6,"date":"2020-11-13T08:40:08","date_gmt":"2020-11-13T08:40:08","guid":{"rendered":"https:\/\/www.blancoreinigungbern.ch\/onlineshop\/home\/"},"modified":"2020-11-16T20:19:26","modified_gmt":"2020-11-16T20:19:26","slug":"home","status":"publish","type":"page","link":"https:\/\/www.blancoreinigungbern.ch\/onlineshop\/","title":{"rendered":"Home"},"content":{"rendered":"\n<div class=\"wp-block-image\"><figure class=\"alignright size-large is-resized\"><img fetchpriority=\"high\" decoding=\"async\" src=\"https:\/\/www.blancoreinigungbern.ch\/onlineshop\/wp-content\/uploads\/2020\/11\/Sauberkeit.png\" alt=\"\" class=\"wp-image-134\" width=\"405\" height=\"293\"\/><\/figure><\/div>\n\n\n\n<h2 class=\"wp-block-heading\">Blanco Reinigung Bern \u2013 <br>Ihre Garantie f\u00fcr <br>Sauberkeit<\/h2>\n\n\n\n<p>Blanco Reinigung Bern \u2013 Wir sorgen daf\u00fcr, dass es bei Ihnen strahlt vor Sauberkeit. Ganz egal, ob bei Ihnen zu Hause, im B\u00fcro oder am Bau. Wir bieten eine gro\u00dfe Bandbreite an unterschiedlichsten Reinigungsarbeiten.<\/p>\n\n\n\n<p>Unser Team von Blanco Reinigung Bern ist zuverl\u00e4ssig, flexibel, bestens geschult und mit Freude bereit, Reinheit in Ihr Leben zu bringen. G\u00f6nnen Sie sich kompetente Reinigung zu einem fairen Preis. Auf unsere Professionalit\u00e4t ist Verlass!<\/p>\n\n\n\n<p><\/p>\n\n\n\n<p><\/p>\n","protected":false},"excerpt":{"rendered":"<p>Blanco Reinigung Bern \u2013 Ihre Garantie f\u00fcr Sauberkeit Blanco Reinigung Bern \u2013 Wir sorgen daf\u00fcr, dass es bei Ihnen strahlt vor Sauberkeit. Ganz egal, ob bei Ihnen zu Hause, im B\u00fcro oder am Bau. Wir bieten eine gro\u00dfe Bandbreite an unterschiedlichsten Reinigungsarbeiten. Unser Team von Blanco Reinigung Bern ist zuverl\u00e4ssig, flexibel, bestens geschult und mit [&hellip;]<\/p>\n","protected":false},"author":1,"featured_media":23,"parent":0,"menu_order":0,"comment_status":"closed","ping_status":"closed","template":"","meta":{"footnotes":""},"class_list":["post-6","page","type-page","status-publish","has-post-thumbnail","hentry"],"_links":{"self":[{"href":"https:\/\/www.blancoreinigungbern.ch\/onlineshop\/wp-json\/wp\/v2\/pages\/6","targetHints":{"allow":["GET"]}}],"collection":[{"href":"https:\/\/www.blancoreinigungbern.ch\/onlineshop\/wp-json\/wp\/v2\/pages"}],"about":[{"href":"https:\/\/www.blancoreinigungbern.ch\/onlineshop\/wp-json\/wp\/v2\/types\/page"}],"author":[{"embeddable":true,"href":"https:\/\/www.blancoreinigungbern.ch\/onlineshop\/wp-json\/wp\/v2\/users\/1"}],"replies":[{"embeddable":true,"href":"https:\/\/www.blancoreinigungbern.ch\/onlineshop\/wp-json\/wp\/v2\/comments?post=6"}],"version-history":[{"count":7,"href":"https:\/\/www.blancoreinigungbern.ch\/onlineshop\/wp-json\/wp\/v2\/pages\/6\/revisions"}],"predecessor-version":[{"id":161,"href":"https:\/\/www.blancoreinigungbern.ch\/onlineshop\/wp-json\/wp\/v2\/pages\/6\/revisions\/161"}],"wp:featuredmedia":[{"embeddable":true,"href":"https:\/\/www.blancoreinigungbern.ch\/onlineshop\/wp-json\/wp\/v2\/media\/23"}],"wp:attachment":[{"href":"https:\/\/www.blancoreinigungbern.ch\/onlineshop\/wp-json\/wp\/v2\/media?parent=6"}],"curies":[{"name":"wp","href":"https:\/\/api.w.org\/{rel}","templated":true}]}}